f m and 728.
104
Suppose -8*v + 4042 = 4*v + 1714. Calculate the highest common factor of v and 28906.
194
Suppose -5*b - 5*o + 325 = 0, -b - 4*o - 80 = -2*b. What is the highest common divisor of 578 and b?
34
Suppose -33*q = -32*q. Suppose q = 18*s + 21*s - 12051. What is the greatest common divisor of s and 3?
3
Let k = -254 - -256. Let m be 34/(-51)*(k + -341 + 3). What is the greatest common divisor of m and 84?
28
Suppose 0 = -l - x + 197, -4*l - 3*x - 186 = -978. Calculate the highest common divisor of 5561 and l.
67
Suppose -k + 5*u = -2*k, 2*k - 2*u - 24 = 0. Suppose 49 + 1 = 5*w. Let l(c) = 5*c - 20. Let r be l(w). What is the greatest common divisor of r and k?
10
Let c(q) = -91*q - 3147. Let g be c(-43). Calculate the greatest common divisor of g and 2.
2
Let y(a) = -9*a**2 + 651*a + 105. Let c be y(72). What is the greatest common factor of 2033 and c?
107
Let f be (350/(-30) - -12)*(-1 - (-6176)/2). What is the greatest common divisor of f and 6?
3
Let i = 1793 + -1723. Calculate the greatest common factor of i and 160.
10
Let h be (427 - (2 + -3))*(-3)/(-6). Let b = 227 - h. What is the highest common factor of b and 39?
13
Let f be 42/(-9)*(-3)/1. Suppose 7*i - 4*n = 1094, -15*n + 446 = 3*i - 11*n. Calculate the highest common factor of f and i.
14
Let m(r) = 712*r - 434. Let w be m(6). What is the highest common divisor of 38 and w?
38
Let a = 385 - 165. Suppose j + a = 5*j. Let z be (4 + -2)/2 - -4. Calculate the greatest common factor of z and j.
5
Suppose -97*q - 880 = -101*q. Suppose t = 11*t - q. Calculate the highest common factor of 22 and t.
22
Let u(p) = 5*p**2 - 153*p + 1654. Let l be u(76). What is the greatest common divisor of 92 and l?
46
Let x = -5184 - -5472. What is the highest common divisor of x and 612?
36
Let l(h) = -2*h**3 - 3*h**2 + h - 3. Let q = 1 - 4. Let i be l(q). Let u be (40/(-14))/((-3)/i). Calculate the greatest common factor of u and 180.
20
Suppose -51*f = -42*f - 36. Suppose -7 = -3*z + 17. Suppose 2*y + 2*w - z - 4 = 0, 0 = -2*w + 10. What is the greatest common divisor of y and f?
1
Suppose -41*s = -2567 - 1123. Suppose -a - 128 + 24 = -5*c, -5*a = 20. What is the greatest common divisor of c and s?
10
Suppose -15*k + 11*k + 700 = 0. Suppose -5*l - 2*q = 75 - 319, 4*q + 212 = 4*l. What is the greatest common factor of l and k?
25
Let t = -93 + 118. Let j = 18 - 14. Suppose 3*z - q - 49 = 0, -z + j*q + 1 = -2*z. Calculate the greatest common divisor of t and z.
5
Suppose 7*k + 1885 = -1174. Let d = 479 + k. Calculate the highest common divisor of d and 182.
14
Let t = 90 + -81. Let r = 6 - t. Let d be r/((-18)/15)*(-14)/(-5). Calculate the greatest common factor of d and 70.
7
Let o be (-177 + 319)*18*(5/2 - 2). What is the highest common factor of 1136 and o?
142
Suppose -45*h + 748 - 118 = 0. Suppose -3*y = -10*j + h*j - 598, -2 = -y. Calculate the greatest common divisor of j and 111.
37
Suppose 4*o = -2*v + 928, -3*o = 3*v - 279 - 417. Let j = o + -229. What is the greatest common factor of j and 3?
3
Let z be 7/2*(-22356)/(-161). Let w = 561 - z. What is the greatest common divisor of 3 and w?
3
Let r(h) = -10*h + 6. Let o be r(-3). Suppose -5*t + 26 + o = 4*d, -4*t - 18 = -2*d. Let s be d - (4/(-2) - 0). What is the greatest common factor of 10 and s?
5
Let s be 1 - -397 - (-3 + 1). Let q be 4/(-14)*14/4 - -26. What is the greatest common divisor of s and q?
25
Let d be -1 + (1 - 975/(-13)). Let p be -2*1 + 204/12. Calculate the highest common factor of d and p.
15
Suppose 7*s - 1 = 6*s. Let c = s - -4. Suppose 45 = 5*d - 0*d - 5*m, -c*m - 20 = 0. What is the greatest common divisor of d and 45?
5
Suppose -5*g = -3*u - 144, -3*u - 13 = 3*g - 85. Suppose r - 3 = 0, -4*i - g + 127 = -4*r. Calculate the highest common divisor of 98 and i.
14
Let w = 512 + -284. Let q = w + -171. What is the highest common factor of q and 76?
19
Suppose -2*u - 5*u + 80224 = 9*u. What is the greatest common factor of 138 and u?
46
Suppose -272*y - 86136 = -563*y. Calculate the highest common divisor of y and 34928.
296
Let p(r) = -3*r. Let m(f) = f + 2. Let a(k) = 18*m(k) + 7*p(k). Let v = 11 - 0. Let b be a(v). Calculate the greatest common factor of 3 and b.
3
Let a(f) = 2*f**3 - 13*f**2 + 8*f + 4. Let i be a(6). Let t be (-21)/7*i/(-3). Suppose -t*v = -15*v - 72. What is the greatest common divisor of 18 and v?
18
Let b = 41218 - 41199. What is the greatest common divisor of 146 and b?
1
Let k = -18 - -32. Let f(d) = 32*d**2 + 5*d - 10*d**2 - 18*d**2 - 9. Let l be f(3). Calculate the highest common divisor of l and k.
14
Let n(t) = -76*t + 1. Let z be n(-1). Let g(o) = -4*o + 53. Let y be g(17). Let v be (-7 + 10)*(y/(-9) + 2). Calculate the highest common divisor of z and v.
11
Let v be (1 - -2) + 0 + -2. Let l = 662 - 660. Let f be (-4 + 21)*(3 - l/v). What is the greatest common divisor of f and 68?
17
Let w = -20241 + 23097. What is the greatest common divisor of 168 and w?
168
Let p(j) = 10193*j + 82. Let i be p(1). What is the highest common divisor of i and 50?
25
Let q be ((-34)/4)/(7/(-364)). Let k be (6*((-2431)/(-22))/(-17))/((-9)/12). Calculate the highest common divisor of q and k.
26
Let j = 21149 + -15629. What is the greatest common divisor of j and 4048?
368
Let l be 6/(-18) - (-181)/3. Let m = -59 + l. Suppose -2*u + 2*d = -59 - m, 2*u - 3*d = 58. Calculate the highest common divisor of 16 and u.
16
Suppose -82*m + 644 = -75*m. Suppose -4*p = 2*d - m - 24, -d = 5*p - 49. What is the highest common factor of 8 and d?
8
Suppose -32*p + 34205 = -7*p + 2305. Calculate the greatest common divisor of 580 and p.
116
Suppose -2*m - 452 = -4*k, 2*k - 284*m + 289*m = 202. Let b(n) = -n**3 - 7*n**2 - n + 2. Let s be b(-8). Calculate the highest common divisor of s and k.
37
Let l = -151 - -155. Suppose l*k - 168 = -b, 0*k - 141 = -b + 5*k. What is the highest common divisor of 12 and b?
12
Let n = -29 + 46. Suppose -13*u = -n*u + 3*y + 18, 4*y = -5*u + 38. Suppose 22 = 2*s - 3*q, 4*q = -0*s - s. What is the greatest common factor of u and s?
2
Let l = -6890 - -7313. What is the greatest common divisor of 63 and l?
9
Let w be ((-4)/10)/(((-88)/55)/8). Suppose 3*q + w*q - 110 = 0. Calculate the greatest common factor of 671 and q.
11
Let y(t) = -4*t - 205. Let b(d) = 5*d + 204. Let i(m) = -5*b(m) - 4*y(m). Let j be i(-24). Calculate the highest common factor of 368 and j.
16
Let c = -465 - -471. Let u(s) = 11*s - 38. Let n be u(c). Let l = -1 + 9. Calculate the greatest common factor of l and n.
4
Let o = -8186 + 8338. What is the highest common divisor of o and 6080?
152
Let j be ((-80)/(-24) + -5)/((-15)/117). Calculate the greatest common divisor of j and 11778.
13
Let z be (7/1)/(4/8). Let s be 211 - (0 + 0)/(-4). Suppose -5*r = 71 - s. Calculate the highest common factor of z and r.
14
Let m(f) = -245*f + 8405. Let j be m(34). Let y(h) = 6*h**2 + 2*h + 5. Let a be y(5). What is the greatest common factor of j and a?
15
Let h be (-17)/(306/(-144)) + 3864. Calculate the highest common factor of h and 2057.
121
Suppose -174 = -4*y + 42. Let j(i) = -30*i**2 - 2*i + 70. Let o be j(0). Let h = o - y. Calculate the highest common divisor of h and 48.
16
Let m be 165/(-44)*(-5)/(-50) + 3078/16. Calculate the greatest common factor of m and 624.
48
Let p(x) = 6*x**2 - 10*x + 3. Let c be p(3). Let b be 1 - -2 - 384/(-4 - 12). What is the greatest common factor of b and c?
27
Let t(s) = 3*s**3 + 27*s**2 + 10*s + 18. Suppose 0 = -3*o + 2*p - 16 - 16, -4 = 3*o + 5*p. Let l be t(o). What is the highest common factor of l and 234?
26
Let o = 4894 - 4864. Let s(b) = -b**2 - 10*b. Let j be s(-6). Calculate the greatest common factor of o and j.
6
Let l(v) = v**2 + 39*v + 26. Let x be l(-10). Let h = -219 - x. What is the highest common factor of h and 63?
9
Let q(l) = l**3 + 19*l**2 - 29*l - 89. Let y be q(-17). Let z = y + -763. Calculate the greatest common factor of 511 and z.
73
Let k = 8912 + -8759. What is the highest common divisor of k and 288?
9
Suppose 0*h = h - 1. Suppose h = 4*c - 5*c, 0 = f - c - 267. What is the greatest common divisor of 14 and f?
14
Let f be ((-12)/14)/((-2)/14). Let v be 22 - 26 - 1*-3 - -5. Suppose 5*d = 3*j + 228, -3*d + v*d = 4*j + 32. Calculate the greatest common fact